2) to base 16
b
1010 (base 2) to base 3
101
What is 107 (base 8) in base 3?
2122
-302 (base 10) to base 14
-178
Convert -14b (base 15) to base 2.
-100101000
-7 (base 9) to base 4
-13
What is -11 (base 9) in base 12?
-a
60 (base 11) to base 16
42
What is 5 (base 12) in base 8?
5
Convert -66 (base 7) to base 2.
-110000
-11a (base 13) to base 5
-1232
What is -6 (base 8) in base 4?
-12
What is 140 (base 7) in base 12?
65
Convert -1 (base 15) to base 8.
-1
24 (base 13) to base 11
28
What is 43 (base 7) in base 9?
34
Convert -10 (base 8) to base 16.
-8
Convert -5 (base 6) to base 14.
-5
-32 (base 6) to base 2
-10100
Convert 101 (base 6) to base 16.
25
Convert 2 (base 4) to base 8.
2
90 (base 14) to base 11
105
Convert -27 (base 11) to base 7.
-41
Convert -420 (base 5) to base 3.
-11002
25 (base 14) to base 2
100001
Convert 45 (base 7) to base 14.
25
Convert 303 (base 7) to base 2.
10010110
Convert -21 (base 3) to base 8.
-7
Convert -7 (base 10) to base 7.
-10
Convert 1010100 (base 2) to base 5.
314
What is -11 (base 16) in base 15?
-12
Convert -189 (base 11) to base 13.
-13a
Convert -54 (base 13) to base 6.
-153
What is -16 (base 9) in base 13?
-12
112 (base 3) to base 16
e
-5a (base 15) to base 4
-1111
-6 (base 11) to base 5
-11
Convert -22 (base 7) to base 2.
-10000
Convert -12 (base 4) to base 13.
-6
5 (base 12) to base 10
5
31 (base 8) to base 16
19
Convert 20 (base 6) to base 11.
11
-111001 (base 2) to base 7
-111
Convert -11000 (base 2) to base 3.
-220
What is 1 (base 2) in base 5?
1
Convert -36 (base 10) to base 7.
-51
What is 32 (base 8) in base 4?
122
-6b (base 12) to base 3
-10002
-353 (base 7) to base 11
-159
Convert 2 (base 16) to base 13.
2
What is 18 (base 14) in base 7?
31
What is -101 (base 4) in base 3?
-122
What is 5 (base 10) in base 9?
5
What is 4f (base 16) in base 8?
117
Convert 7 (base 12) to base 15.
7
What is c (base 16) in base 6?
20
-e (base 15) to base 11
-13
Convert 202 (base 5) to base 15.
37
What is 2 (base 5) in base 15?
2
1c (base 16) to base 8
34
Convert 323 (base 4) to base 3.
2012
What is -41 (base 16) in base 13?
-50
What is -15 (base 9) in base 3?
-112
What is 1 (base 16) in base 3?
1
What is -2 (base 15) in base 8?
-2
-29 (base 15) to base 7
-54
What is -2 (base 14) in base 7?
-2
Convert -105 (base 7) to base 15.
-39
-124 (base 11) to base 9
-173
What is 13 (base 16) in base 15?
14
What is -4 (base 5) in base 10?
-4
Convert -100 (base 2) to base 9.
-4
Convert -66 (base 10) to base 13.
-51
Convert -30 (base 15) to base 7.
-63
Convert 0 (base 9) to base 11.
0
Convert -1 (base 15) to base 10.
-1
116 (base 12) to base 8
242
What is 4 (base 7) in base 14?
4
What is -4 (base 11) in base 9?
-4
6 (base 14) to base 9
6
5 (base 6) to base 11
5
Convert 2 (base 3) to base 9.
2
-15 (base 15) to base 11
-19
Convert -116 (base 13) to base 8.
-274
Convert 4 (base 12) to base 11.
4
What is -34 (base 9) in base 8?
-37
What is -22 (base 3) in base 14?
-8
88 (base 16) to base 12
b4
4 (base 13) to base 5
4
What is -45 (base 10) in base 4?
-231
What is 240 (base 5) in base 11?
64
What is 78 (base 10) in base 12?
66
-3 (base 10) to base 13
-3
-87 (base 12) to base 3
-10211
7 (base 8) to base 4
13
What is 1 (base 6) in base 13?
1
14 (base 13) to base 2
10001
What is -b (base 12) in base 5?
-21
What is -10 (base 14) in base 16?
-e
-2 (base 10) to base 8
-2
What is -10 (base 3) in base 16?
-3
-1 (base 8) to base 5
-1
What is -12 (base 9) in base 11?
-10
What is -3211 (base 4) in base 12?
-171
-144 (base 8) to base 11
-91
Convert -4 (base 10) to base 8.
-4
-5 (base 8) to base 9
-5
Convert -2 (base 14) to base 13.
-2
Convert -18 (base 15) to base 10.
-23
What is 26 (base 7) in base 2?
10100
Convert 2 (base 3) to base 5.
2
Convert -54 (base 9) to base 16.
-31
What is 4 (base 12) in base 2?
100
What is 2 (base 15) in base 7?
2
Convert 7 (base 11) to base 12.
7
4 (base 13) to base 2
100
What is 11d (base 14) in base 9?
267
Convert -100010001 (base 2) to base 11.
-229
Convert -56 (base 11) to base 13.
-49
-324 (base 8) to base 9
-255
What is -107 (base 11) in base 13?
-9b
What is 0 (base 7) in base 10?
0
-10111110 (base 2) to base 12
-13a
What is -141 (base 7) in base 3?
-2220
Convert 114 (base 5) to base 2.
100010
101001 (base 2) to base 16
29
What is 16 (base 10) in base 7?
22
0 (base 3) to base 11
0
What is -23 (base 7) in base 12?
-15
What is -12 (base 3) in base 2?
-101
2 (base 5) to base 11
2
What is -2c (base 15) in base 6?
-110
Convert -10 (base 5) to base 6.
-5
Convert 6 (base 7) to base 9.
6
Convert -11101 (base 2) to base 5.
-104
Convert -6 (base 9) to base 14.
-6
0 (base 16) to base 12
0
What is 12 (base 12) in base 3?
112
Convert -b (base 15) to base 3.
-102
What is 1 (base 5) in base 3?
1
-14 (base 12) to base 11
-15
-1050 (base 6) to base 10
-246
-b2 (base 16) to base 13
-109
-1 (base 11) to base 6
-1
3 (base 13) to base 5
3
51 (base 7) to base 12
30
What is a0 (base 14) in base 16?
8c
Convert -200 (base 8) to base 13.
-9b
3 (base 11) to base 5
3
What is -3b (base 16) in base 9?
-65
What is 211 (base 3) in base 16?
16
What is 222 (base 7) in base 5?
424
What is -1 (base 2) in base 5?
-1
Convert -20 (base 3) to base 4.
-12
-1031 (base 4) to base 16
-4d
What is -9a (base 11) in base 7?
-214
Convert -12 (base 16) to base 5.
-33
Convert 204 (base 6) to base 4.
1030
Convert 2 (base 6) to base 2.
10
What is -41 (base 9) in base 4?
-211
Convert b2 (base 16) to base 7.
343
6 (base 9) to base 14
6
Convert 3 (base 11) to base 6.
3
What is 2002 (base 3) in base 12?
48
2 (base 6) to base 7
2
What is -4 (base 7) in base 8?
-4
What is 85 (base 11) in base 3?
10110
Convert -2 (base 6) to base 13.
-2
e (base 16) to base 10
14
Convert 42 (base 13) to base 5.
204
What is 57 (base 9) in base 12?
44
-4 (base 6) to base 12
-4
Convert -2 (base 9) to base 6.
-2
What is -a (base 14) in base 2?
-1010
-3223 (base 4) to base 12
-177
Convert -1010 (base 2) to base 4.
-22
0 (base 16) to base 10
0
10100 (base 2) to base 11
19
20 (base 8) to base 2
10000
14 (base 15) to base 3
201
What is -5 (base 8) in base 6?
-5
What is 12122 (base 3) in base 7?
305
-12 (base 10) to base 12
-10
Convert 1 (base 3) to base 16.
1
What is -4 (base 5) in base 11?
-4
Convert 27 (base 12) to base 14.
23
Convert -112 (base 3) to base 7.
-20
153 (base 9) to base 13
9c
11010 (base 2) to base 9
28
What is -14 (base 12) in base 6?
-24
2 (base 14) to base 9
2
Convert -33 (base 11) to base 9.
-40
Convert -357 (base 8) to base 9.
-285
-1 (base 2) to base 8
-1
35 (base 12) to base 3
1112
Convert -20 (base 13) to base 16.
-1a
What is -233 (base 4) in base 2?
-101111
What is -125 (base 6) in base 16?
-35
Convert -10100 (base 2) to base 8.
-24
Convert 3 (base 5) to base 4.
3
Convert -3 (base 5) to base 3.
-10
What is -12 (base 4) in base 11?
-6
Convert -2c (base 16) to base 7.
-62
Convert 68 (base 13) to base 16.
56
1 (base 3) to base 13
1
Convert -2 (base 12) to base 2.
-10
123 (base 6) to base 4
303
What is 203 (base 4) in base 7?
50
Convert 13 (base 4) to base 10.
7
Convert 3 (base 7) to base 3.
10
What is -10111 (base 2) in base 15?
-18
8 (base 16) to base 6
12
Convert 21 (base 5) to base 16.
b
What is 1 (base 11) in base 15?
1
Convert -6 (base 12) to base 2.
-110
What is 1100 (base 3) in base 4?
210
-1413 (base 5) to base 15
-108
Convert 2 (base 6) to base 3.
2
Convert 1 (base 15) to base 14.
1
47 (base 13) to base 15
3e
Convert 1 (base 10) to base 9.
1
Convert 15 (base 6) to base 8.
13
What is -4 (base 15) in base 7?
-4
What is 1 (base 12) in base 10?
1
Convert 2 (base 8) to base 15.
2
-4 (base 6) to base 9
-4
Convert -10 (base 4) to base 14.
-4
Convert -10110 (base 3) to base 6.
-233
What is -32 (base 15) in base 3?
-1202
Convert 3 (base 14) to base 8.
3
1 (base 5) to base 2
1
51 (base 11) to base 15
3b
Convert -3 (base 9) to base 5.
-3
What is -11 (base 7) in base 9?
-8
What is 2d (base 14) in base 10?
41
What is c (base 14) in base 5?
22
-11 (base 3) to base 10
-4
Convert 243 (base 9) to base 3.
21110
What is 2211 (base 3) in base 14?
56
55 (base 6) to base 11
32
-3 (base 5) to base 15
-3
What is -20 (base 3) in base 14?
-6
21 (base 11) to base 9
25
Convert 0 (base 8) to base 10.
0
What is 101 (base 2) in base 12?
5
Convert 201 (base 3) to base 9.
21
-7 (base 13) to base 5
-12
